
What is the remainder when 1 is divided by 1?
0
What is the remainder when 3257 is divided by 7?
2
Calculate the remainder when 389 is divided by 66.
59
Calculate the remainder when 475 is divided by 236.
3
Calculate the remainder when 254 is divided by 15.
14
Calculate the remainder when 899 is divided by 12.
11
What is the remainder when 54 is divided by 9?
0
What is the remainder when 96 is divided by 20?
16
Calculate the remainder when 1181 is divided by 21.
5
Calculate the remainder when 123 is divided by 18.
15
Calculate the remainder when 164 is divided by 12.
8
What is the remainder when 4938 is divided by 19?
17
What is the remainder when 426 is divided by 101?
22
What is the remainder when 112 is divided by 60?
52
What is the remainder when 10 is divided by 6?
4
What is the remainder when 114 is divided by 59?
55
Calculate the remainder when 239 is divided by 20.
19
Calculate the remainder when 73 is divided by 7.
3
What is the remainder when 4160 is divided by 49?
44
Calculate the remainder when 331 is divided by 29.
12
Calculate the remainder when 6966 is divided by 6949.
17
What is the remainder when 1652 is divided by 13?
1
What is the remainder when 176 is divided by 45?
41
What is the remainder when 1519 is divided by 184?
47
What is the remainder when 708 is divided by 17?
11
What is the remainder when 9280 is divided by 91?
89
What is the remainder when 22 is divided by 15?
7
Calculate the remainder when 541 is divided by 68.
65
Calculate the remainder when 36 is divided by 16.
4
Calculate the remainder when 1141 is divided by 32.
21
Calculate the remainder when 63 is divided by 17.
12
What is the remainder when 475 is divided by 9?
7
What is the remainder when 177 is divided by 10?
7
What is the remainder when 1166 is divided by 13?
9
Calculate the remainder when 442 is divided by 54.
10
What is the remainder when 32 is divided by 18?
14
Calculate the remainder when 660 is divided by 17.
14
What is the remainder when 1110 is divided by 262?
62
What is the remainder when 231 is divided by 25?
6
What is the remainder when 107 is divided by 30?
17
What is the remainder when 90 is divided by 27?
9
What is the remainder when 86 is divided by 18?
14
What is the remainder when 45 is divided by 27?
18
Calculate the remainder when 211 is divided by 34.
7
Calculate the remainder when 308 is divided by 31.
29
Calculate the remainder when 1169 is divided by 18.
17
Calculate the remainder when 899 is divided by 6.
5
Calculate the remainder when 602 is divided by 67.
66
Calculate the remainder when 33781 is divided by 82.
79
What is the remainder when 458 is divided by 27?
26
Calculate the remainder when 455 is divided by 116.
107
Calculate the remainder when 81 is divided by 38.
5
Calculate the remainder when 20 is divided by 16.
4
Calculate the remainder when 281 is divided by 66.
17
Calculate the remainder when 127 is divided by 47.
33
What is the remainder when 96 is divided by 69?
27
Calculate the remainder when 389 is divided by 10.
9
What is the remainder when 141 is divided by 14?
1
Calculate the remainder when 497 is divided by 25.
22
Calculate the remainder when 162 is divided by 69.
24
What is the remainder when 309 is divided by 114?
81
What is the remainder when 191 is divided by 29?
17
What is the remainder when 109 is divided by 57?
52
Calculate the remainder when 126 is divided by 13.
9
What is the remainder when 77 is divided by 32?
13
What is the remainder when 173 is divided by 11?
8
What is the remainder when 1155 is divided by 68?
67
Calculate the remainder when 135 is divided by 98.
37
What is the remainder when 5188 is divided by 1727?
7
What is the remainder when 1127 is divided by 8?
7
Calculate the remainder when 567 is divided by 107.
32
What is the remainder when 908 is divided by 8?
4
Calculate the remainder when 243 is divided by 49.
47
Calculate the remainder when 547 is divided by 75.
22
What is the remainder when 174 is divided by 25?
24
Calculate the remainder when 2997 is divided by 20.
17
Calculate the remainder when 784 is divided by 56.
0
Calculate the remainder when 103 is divided by 59.
44
What is the remainder when 293 is divided by 189?
104
Calculate the remainder when 62 is divided by 16.
14
Calculate the remainder when 1173 is divided by 12.
9
Calculate the remainder when 58 is divided by 24.
10
What is the remainder when 99 is divided by 29?
12
What is the remainder when 16974 is divided by 25?
24
Calculate the remainder when 122 is divided by 66.
56
Calculate the remainder when 604 is divided by 85.
9
Calculate the remainder when 23 is divided by 23.
0
Calculate the remainder when 1030 is divided by 98.
50
Calculate the remainder when 234 is divided by 48.
42
Calculate the remainder when 8964 is divided by 163.
162
Calculate the remainder when 303 is divided by 34.
31
What is the remainder when 3887 is divided by 555?
2
Calculate the remainder when 594 is divided by 35.
34
Calculate the remainder when 3390 is divided by 34.
24
What is the remainder when 315 is divided by 13?
3
What is the remainder when 1249 is divided by 45?
34
What is the remainder when 4219 is divided by 211?
210
What is the remainder when 34837 is divided by 147?
145
What is the remainder when 855 is divided by 54?
45
Calculate the remainder when 1800 is divided by 255.
15
What is the remainder when 13507 is divided by 35?
32
Calculate the remainder when 646 is divided by 43.
1
Calculate the remainder when 1079 is divided by 73.
57
Calculate the remainder when 131 is divided by 50.
31
What is the remainder when 1565 is divided by 98?
95
Calculate the remainder when 54 is divided by 11.
10
Calculate the remainder when 134 is divided by 14.
8
Calculate the remainder when 2308 is divided by 7.
5
Calculate the remainder when 94 is divided by 8.
6
What is the remainder when 481 is divided by 67?
12
Calculate the remainder when 852 is divided by 45.
42
Calculate the remainder when 1734 is divided by 116.
110
What is the remainder when 4652 is divided by 13?
11
What is the remainder when 366 is divided by 45?
6
Calculate the remainder when 85 is divided by 5.
0
Calculate the remainder when 233 is divided by 15.
8
What is the remainder when 7 is divided by 7?
0
Calculate the remainder when 177 is divided by 27.
15
Calculate the remainder when 252 is divided by 29.
20
What is the remainder when 324 is divided by 100?
24
What is the remainder when 459 is divided by 60?
39
What is the remainder when 1009 is divided by 327?
28
What is the remainder when 351 is divided by 210?
141
What is the remainder when 1495 is divided by 11?
10
Calculate the remainder when 1062 is divided by 253.
50
What is the remainder when 43205 is divided by 44?
41
Calculate the remainder when 1676 is divided by 822.
32
What is the remainder when 1948 is divided by 158?
52
What is the remainder when 488 is divided by 60?
8
What is the remainder when 394 is divided by 44?
42
What is the remainder when 598 is divided by 20?
18
Calculate the remainder when 95 is divided by 9.
5
What is the remainder when 73 is divided by 12?
1
Calculate the remainder when 95 is divided by 33.
29
What is the remainder when 46 is divided by 24?
22
Calculate the remainder when 21 is divided by 13.
8
What is the remainder when 179 is divided by 26?
23
What is the remainder when 110 is divided by 32?
14
Calculate the remainder when 668 is divided by 14.
10
What is the remainder when 422 is divided by 27?
17
What is the remainder when 28 is divided by 3?
1
Calculate the remainder when 547 is divided by 500.
47
Calculate the remainder when 16123 is divided by 278.
277
Calculate the remainder when 5172 is divided by 470.
2
What is the remainder when 107 is divided by 20?
7
Calculate the remainder when 408 is divided by 36.
12
What is the remainder when 238 is divided by 12?
10
What is the remainder when 547 is divided by 25?
22
What is the remainder when 249 is divided by 63?
60
Calculate the remainder when 90 is divided by 41.
8
What is the remainder when 229 is divided by 40?
29
What is the remainder when 503 is divided by 19?
9
What is the remainder when 415 is divided by 14?
9
Calculate the remainder when 78 is divided by 23.
9
Calculate the remainder when 1921 is divided by 61